{"id":7,"date":"2020-09-23T14:19:29","date_gmt":"2020-09-23T14:19:29","guid":{"rendered":"https:\/\/corporationdesaines.com\/?page_id=7"},"modified":"2026-03-12T14:03:28","modified_gmt":"2026-03-12T14:03:28","slug":"code-dethique","status":"publish","type":"page","link":"https:\/\/corporationdesaines.com\/?page_id=7","title":{"rendered":"Code d&rsquo;\u00e9thique"},"content":{"rendered":"\n<div class=\"wp-block-cover is-light\" style=\"min-height:215px;aspect-ratio:unset;\"><img loading=\"lazy\" decoding=\"async\" width=\"2400\" height=\"480\" class=\"wp-block-cover__image-background wp-image-215\" src=\"https:\/\/corporationdesaines.com\/wp-content\/uploads\/2020\/09\/Code_ethique10.jpg\" style=\"object-position:39% 53%\" data-object-fit=\"cover\" data-object-position=\"39% 53%\" srcset=\"https:\/\/corporationdesaines.com\/wp-content\/uploads\/2020\/09\/Code_ethique10.jpg 2400w, https:\/\/corporationdesaines.com\/wp-content\/uploads\/2020\/09\/Code_ethique10-300x60.jpg 300w, https:\/\/corporationdesaines.com\/wp-content\/uploads\/2020\/09\/Code_ethique10-1024x205.jpg 1024w, https:\/\/corporationdesaines.com\/wp-content\/uploads\/2020\/09\/Code_ethique10-768x154.jpg 768w, https:\/\/corporationdesaines.com\/wp-content\/uploads\/2020\/09\/Code_ethique10-1536x307.jpg 1536w, https:\/\/corporationdesaines.com\/wp-content\/uploads\/2020\/09\/Code_ethique10-2048x410.jpg 2048w\" sizes=\"auto, (max-width: 2400px) 100vw, 2400px\" \/><span aria-hidden=\"true\" class=\"wp-block-cover__background has-background-dim-20 has-background-dim\"><\/span><div class=\"wp-block-cover__inner-container is-layout-flow wp-block-cover-is-layout-flow\">\n<p class=\"has-text-align-left has-large-font-size\"><em>CODE D&rsquo;\u00c9THIQUE<\/em><\/p>\n<\/div><\/div>\n\n\n\n<p>Le code d&rsquo;\u00e9thique t\u00e9moigne de notre engagement \u00e0 l&rsquo;\u00e9gard des r\u00e9sidents et de leurs proches. Tout notre personnel doit se soumettre \u00e0 ce code d&rsquo;\u00e9thique et reconna\u00eetre le droit des r\u00e9sidents d&rsquo;\u00eatre bien inform\u00e9s afin de prendre des d\u00e9cisions \u00e9clair\u00e9es.<\/p>\n\n\n\n<h4 class=\"wp-block-heading\"><strong><span class=\"has-inline-color has-black-color\"><em>Respect<\/em><\/span><\/strong><\/h4>\n\n\n\n<ul class=\"wp-block-list\">\n<li>Traiter le r\u00e9sident , et lui donner des services, de fa\u00e7on chaleureuse, c&rsquo;est-\u00e0-dire avec douceur, amabilit\u00e9, politesse et courtoisie et ce, dans le respect de ses besoins et de ses capacit\u00e9s ;<\/li>\n\n\n\n<li>Tenir compte des opinions, croyances et choix du r\u00e9sident ;<\/li>\n<\/ul>\n\n\n\n<h4 class=\"wp-block-heading\"><strong><em>Droit \u00e0 l&rsquo;informa<\/em>tion<\/strong><\/h4>\n\n\n\n<ul class=\"wp-block-list\">\n<li>Faciliter le maintien des contacts du r\u00e9sident avec l&rsquo;ext\u00e9rieur ;<\/li>\n\n\n\n<li>Faciliter l&rsquo;obtention du droit \u00e0 l&rsquo;information, le soutien ou l&rsquo;assistance de la part des proches du r\u00e9sident ou de toute personne de son choix;<\/li>\n\n\n\n<li>Donner au r\u00e9sident ou \u00e0 son repr\u00e9sentant l\u00e9gal, l&rsquo;acc\u00e8s \u00e0 son dossier et les explications n\u00e9cessaires \u00e0 sa bonne compr\u00e9hension.<\/li>\n<\/ul>\n\n\n\n<h4 class=\"wp-block-heading\"><strong><em>Droit \u00e0 la confidentialit\u00e9<\/em><\/strong><\/h4>\n\n\n\n<ul class=\"wp-block-list\">\n<li>Assurer la confidentialit\u00e9 des informations personnelles des r\u00e9sidents ;<\/li>\n\n\n\n<li>Ne pas divulguer des renseignements sur la vie priv\u00e9e des r\u00e9sidents en dehors des besoins requis par sa sant\u00e9 et sa s\u00e9curit\u00e9.<\/li>\n<\/ul>\n\n\n\n<h4 class=\"wp-block-heading\"><strong><em>Responsabilit\u00e9 sociale<\/em><\/strong><\/h4>\n\n\n\n<ul class=\"wp-block-list\">\n<li>Informer les autorit\u00e9s comp\u00e9tentes de tout cas d&rsquo;abus ou toute situation non s\u00e9curitaire qui mettrait en danger la s\u00e9curit\u00e9 d&rsquo;un r\u00e9sident.<\/li>\n<\/ul>\n","protected":false},"excerpt":{"rendered":"<p>Le code d&rsquo;\u00e9thique t\u00e9moigne de notre engagement \u00e0 l&rsquo;\u00e9gard des r\u00e9sidents et de leurs proches. Tout notre personnel doit se soumettre \u00e0 ce code d&rsquo;\u00e9thique et reconna\u00eetre le droit des r\u00e9sidents d&rsquo;\u00eatre bien inform\u00e9s afin de prendre des d\u00e9cisions \u00e9clair\u00e9es. Respect Droit \u00e0 l&rsquo;information Droit \u00e0 la confidentialit\u00e9 Responsabilit\u00e9 sociale<\/p>\n","protected":false},"author":1,"featured_media":0,"parent":0,"menu_order":0,"comment_status":"closed","ping_status":"closed","template":"","meta":{"_acf_changed":false,"advgb_blocks_editor_width":"","advgb_blocks_columns_visual_guide":"","footnotes":""},"class_list":["post-7","page","type-page","status-publish","hentry"],"acf":[],"coauthors":[],"author_meta":{"author_link":"https:\/\/corporationdesaines.com\/?author=1","display_name":"admin"},"relative_dates":{"created":"Publi\u00e9 6 ans il y a","modified":"Mis \u00e0 jour 1 mois il y a"},"absolute_dates":{"created":"Publi\u00e9 le septembre 23, 2020","modified":"Mise \u00e0 jour le mars 12, 2026"},"absolute_dates_time":{"created":"Publi\u00e9 le septembre 23, 2020 2:19 pm","modified":"Mise \u00e0 jour le mars 12, 2026 2:03 pm"},"featured_img_caption":"","featured_img":false,"series_order":"","_links":{"self":[{"href":"https:\/\/corporationdesaines.com\/index.php?rest_route=\/wp\/v2\/pages\/7","targetHints":{"allow":["GET"]}}],"collection":[{"href":"https:\/\/corporationdesaines.com\/index.php?rest_route=\/wp\/v2\/pages"}],"about":[{"href":"https:\/\/corporationdesaines.com\/index.php?rest_route=\/wp\/v2\/types\/page"}],"author":[{"embeddable":true,"href":"https:\/\/corporationdesaines.com\/index.php?rest_route=\/wp\/v2\/users\/1"}],"replies":[{"embeddable":true,"href":"https:\/\/corporationdesaines.com\/index.php?rest_route=%2Fwp%2Fv2%2Fcomments&post=7"}],"version-history":[{"count":12,"href":"https:\/\/corporationdesaines.com\/index.php?rest_route=\/wp\/v2\/pages\/7\/revisions"}],"predecessor-version":[{"id":744,"href":"https:\/\/corporationdesaines.com\/index.php?rest_route=\/wp\/v2\/pages\/7\/revisions\/744"}],"wp:attachment":[{"href":"https:\/\/corporationdesaines.com\/index.php?rest_route=%2Fwp%2Fv2%2Fmedia&parent=7"}],"curies":[{"name":"wp","href":"https:\/\/api.w.org\/{rel}","templated":true}]}}