{"id":449,"date":"2020-10-09T20:51:20","date_gmt":"2020-10-09T20:51:20","guid":{"rendered":"https:\/\/corporationdesaines.com\/?page_id=449"},"modified":"2026-03-19T19:44:54","modified_gmt":"2026-03-19T19:44:54","slug":"accueil","status":"publish","type":"page","link":"https:\/\/corporationdesaines.com\/","title":{"rendered":"Accueil"},"content":{"rendered":"\n<div class=\"wp-block-cover is-light\"><img loading=\"lazy\" decoding=\"async\" width=\"2560\" height=\"942\" class=\"wp-block-cover__image-background wp-image-410\" alt=\"\" src=\"https:\/\/corporationdesaines.com\/wp-content\/uploads\/2020\/10\/DJI_0974-2-scaled.jpg\" data-object-fit=\"cover\" srcset=\"https:\/\/corporationdesaines.com\/wp-content\/uploads\/2020\/10\/DJI_0974-2-scaled.jpg 2560w, https:\/\/corporationdesaines.com\/wp-content\/uploads\/2020\/10\/DJI_0974-2-300x110.jpg 300w, https:\/\/corporationdesaines.com\/wp-content\/uploads\/2020\/10\/DJI_0974-2-1024x377.jpg 1024w, https:\/\/corporationdesaines.com\/wp-content\/uploads\/2020\/10\/DJI_0974-2-768x283.jpg 768w, https:\/\/corporationdesaines.com\/wp-content\/uploads\/2020\/10\/DJI_0974-2-1536x565.jpg 1536w, https:\/\/corporationdesaines.com\/wp-content\/uploads\/2020\/10\/DJI_0974-2-2048x754.jpg 2048w\" sizes=\"auto, (max-width: 2560px) 100vw, 2560px\" \/><span aria-hidden=\"true\" class=\"wp-block-cover__background has-background-dim-0 has-background-dim\"><\/span><div class=\"wp-block-cover__inner-container is-layout-flow wp-block-cover-is-layout-flow\">\n<p class=\"has-text-align-left accueiltexte has-large-font-size\"><em>R\u00e9sidence pour personnes \u00e2g\u00e9es autonomes<\/em><\/p>\n<\/div><\/div>\n\n\n\n<h3 class=\"wp-block-heading\">Bienvenue<\/h3>\n\n\n\n<p class=\"has-brown-color has-text-color\">La Corporation des A\u00een\u00e9s de Saint-Apollinaire est une r\u00e9sidence pour personnes \u00e2g\u00e9es autonomes, offrant des services qui r\u00e9pondent aux besoins d\u2019une client\u00e8le \u00e0 la recherche d\u2019un milieu de vie chaleureux et stimulant. Que vous soyez seul ou en couple, et que vous d\u00e9siriez maintenir votre autonomie et am\u00e9liorer votre qualit\u00e9 de vie, la r\u00e9sidence \u00ab&nbsp;La Corporation des A\u00een\u00e9s de Saint-Apollinaire&nbsp;\u00bb r\u00e9pondra \u00e0 vos attentes tout en respectant votre intimit\u00e9, votre ind\u00e9pendance et votre confort.<\/p>\n\n\n\n<p class=\"has-brown-color has-text-color\">Notre approche est centr\u00e9e sur les r\u00e9sidents, leur bien-\u00eatre et leur s\u00e9curit\u00e9.<\/p>\n\n\n\n<p class=\"has-brown-color has-text-color\">La Corporation des Ain\u00e9s de Saint-Apollinaire est un organisme sans but lucratif (OSBL) qui g\u00e8re 47 unit\u00e9s locatives r\u00e9parties sur 2 \u00e9tages.<\/p>\n\n\n\n<div class=\"wp-block-columns is-layout-flex wp-container-core-columns-is-layout-9d6595d7 wp-block-columns-is-layout-flex\">\n<div class=\"wp-block-column is-layout-flow wp-block-column-is-layout-flow\" style=\"flex-basis:51.2%\">\n<figure class=\"wp-block-table alignleft is-style-regular\"><table><thead><tr><th class=\"has-text-align-center\" data-align=\"center\">Types d&rsquo;unit\u00e9s<\/th><th class=\"has-text-align-center\" data-align=\"center\">Nombre<\/th><th class=\"has-text-align-center\" data-align=\"center\">Superficie<\/th><\/tr><\/thead><tbody><tr><td class=\"has-text-align-center\" data-align=\"center\"><span class=\"has-inline-color has-brown-color\">3 1\/2<\/span><\/td><td class=\"has-text-align-center\" data-align=\"center\"><span class=\"has-inline-color has-black-color\">45<\/span><\/td><td class=\"has-text-align-center\" data-align=\"center\"><span class=\"has-inline-color has-brown-color\">850 pi&nbsp;<sup>2<\/sup><\/span><\/td><\/tr><tr><td class=\"has-text-align-center\" data-align=\"center\"><span class=\"has-inline-color has-brown-color\">4 1\/2<\/span><\/td><td class=\"has-text-align-center\" data-align=\"center\"><span class=\"has-inline-color has-black-color\">2<\/span><\/td><td class=\"has-text-align-center\" data-align=\"center\"><span class=\"has-inline-color has-black-color\">950 pi&nbsp;<sup>2<\/sup><\/span><\/td><\/tr><\/tbody><\/table><\/figure>\n<\/div>\n\n\n\n<div class=\"wp-block-column is-layout-flow wp-block-column-is-layout-flow\">\n<ul class=\"wp-block-list\">\n<li>Un stationnement par unit\u00e9 ;<\/li>\n\n\n\n<li>Stationnements pour les visiteurs;<\/li>\n\n\n\n<li>Bornes \u00e9lectriques;<\/li>\n\n\n\n<li>Terrasses ext\u00e9rieures et pavillon de jardin;<\/li>\n\n\n\n<li>Ramassage des ordures ;<\/li>\n\n\n\n<li>D\u00e9neigement ;<\/li>\n\n\n\n<li>Syst\u00e8me d\u2019alarme d\u2019incendie.<\/li>\n<\/ul>\n<\/div>\n<\/div>\n\n\n\n<div class=\"wp-block-columns has-background is-layout-flex wp-container-core-columns-is-layout-9d6595d7 wp-block-columns-is-layout-flex\" style=\"background-color:#e7e9ea\">\n<div class=\"wp-block-column is-layout-flow wp-block-column-is-layout-flow\">\n<h3 class=\"wp-block-heading\"><span class=\"has-inline-color has-red-color\">Appartements<\/span><\/h3>\n\n\n\n<div class=\"wp-block-advgb-list\"><ul class=\"advgblist-7e9c497a-ae48-4e61-8a78-15d25f5942ee advgb-list advgb-list-yes\">\n<li>Un stationnement par logement<\/li>\n\n\n\n<li>Chauffage et \u00e9lectricit\u00e9 inclus<\/li>\n\n\n\n<li>Acc\u00e8s \u00e0 la salle \u00e0 manger<\/li>\n\n\n\n<li>Acc\u00e8s aux salles de lavage<\/li>\n<\/ul><\/div>\n<\/div>\n\n\n\n<div class=\"wp-block-column is-layout-flow wp-block-column-is-layout-flow\">\n<h3 class=\"wp-block-heading\"><span class=\"has-inline-color has-red-color\">S\u00e9curit\u00e9<\/span><\/h3>\n\n\n\n<div class=\"wp-block-advgb-list\"><ul class=\"advgblist-551eef5d-754b-44f2-b1ff-1b6127a5a06e advgb-list advgb-list-yes\">\n<li>D\u00e9tecteurs et avertisseurs de fum\u00e9e<\/li>\n\n\n\n<li>D\u00e9tecteur alarme d&rsquo;incendie<\/li>\n\n\n\n<li>\u00c9clairage d&rsquo;urgence<\/li>\n\n\n\n<li>Syst\u00e8me d&rsquo;appel \u00e0 l&rsquo;aide fixe<\/li>\n\n\n\n<li>S\u00e9curit\u00e9 permanente 24\/7<\/li>\n<\/ul><\/div>\n<\/div>\n<\/div>\n\n\n\n<div class=\"wp-block-buttons is-content-justification-center is-layout-flex wp-container-core-buttons-is-layout-16018d1d wp-block-buttons-is-layout-flex advgb-dyn-5e5a4c85\">\n<div class=\"wp-block-button is-style-fill advgb-dyn-c4bfe449\"><a class=\"wp-block-button__link has-text-color has-background has-link-color wp-element-button\" href=\"https:\/\/corporationdesaines.com\/?page_id=366\" style=\"border-radius:28px;color:#fbfbfb;background-color:#b63b39\" target=\"_blank\" rel=\"noreferrer noopener\">PLANIFIER UNE VISITE<\/a><\/div>\n<\/div>\n\n\n\n<hr class=\"wp-block-separator has-alpha-channel-opacity\"\/>\n\n\n\n<div class=\"wp-block-buttons is-content-justification-center is-layout-flex wp-container-core-buttons-is-layout-16018d1d wp-block-buttons-is-layout-flex\">\n<div class=\"wp-block-button is-style-fill advgb-dyn-7f5207d3\"><a class=\"wp-block-button__link has-text-color has-background has-link-color wp-element-button\" href=\"https:\/\/forms.gle\/tKWDc5LVkUdNFx2D8\" style=\"border-radius:28px;color:#fbfbfb;background-color:#b63b39\" target=\"_blank\" rel=\"noreferrer noopener\">FAIRE UNE DEMANDE D&rsquo;H\u00c9BERGEMENT<\/a><\/div>\n<\/div>\n\n\n\n<p><\/p>\n<style class=\"advgb-styles-renderer\">.wp-block-advgb-list ul.advgblist-7e9c497a-ae48-4e61-8a78-15d25f5942ee > li{font-size:16px;}.wp-block-advgb-list ul.advgblist-7e9c497a-ae48-4e61-8a78-15d25f5942ee > li{padding-left:18px;margin-left:0;}.wp-block-advgb-list ul.advgblist-7e9c497a-ae48-4e61-8a78-15d25f5942ee > li:before{font-size:16px;color:#D0312D;line-height:18px;margin:7px;padding:2px;margin-left:-25px}.wp-block-advgb-list ul.advgblist-7e9c497a-ae48-4e61-8a78-15d25f5942ee > li{font-size:16px;}.wp-block-advgb-list ul.advgblist-7e9c497a-ae48-4e61-8a78-15d25f5942ee > li{padding-left:18px;margin-left:0;}.wp-block-advgb-list ul.advgblist-7e9c497a-ae48-4e61-8a78-15d25f5942ee > li:before{font-size:16px;color:#D0312D;line-height:18px;margin:7px;padding:2px;margin-left:-25px}.wp-block-advgb-list ul.advgblist-551eef5d-754b-44f2-b1ff-1b6127a5a06e > li{font-size:16px;}.wp-block-advgb-list ul.advgblist-551eef5d-754b-44f2-b1ff-1b6127a5a06e > li{padding-left:18px;margin-left:0;}.wp-block-advgb-list ul.advgblist-551eef5d-754b-44f2-b1ff-1b6127a5a06e > li:before{font-size:16px;color:#D0312D;line-height:18px;margin:7px;padding:2px;margin-left:-25px}.wp-block-advgb-list ul.advgblist-551eef5d-754b-44f2-b1ff-1b6127a5a06e > li{font-size:16px;}.wp-block-advgb-list ul.advgblist-551eef5d-754b-44f2-b1ff-1b6127a5a06e > li{padding-left:18px;margin-left:0;}.wp-block-advgb-list ul.advgblist-551eef5d-754b-44f2-b1ff-1b6127a5a06e > li:before{font-size:16px;color:#D0312D;line-height:18px;margin:7px;padding:2px;margin-left:-25px}.wp-block-advgb-list ul.advgblist-7e9c497a-ae48-4e61-8a78-15d25f5942ee > li{font-size:16px;}.wp-block-advgb-list ul.advgblist-7e9c497a-ae48-4e61-8a78-15d25f5942ee > li{padding-left:18px;margin-left:0;}.wp-block-advgb-list ul.advgblist-7e9c497a-ae48-4e61-8a78-15d25f5942ee > li:before{font-size:16px;color:#D0312D;line-height:18px;margin:7px;padding:2px;margin-left:-25px}.wp-block-advgb-list ul.advgblist-551eef5d-754b-44f2-b1ff-1b6127a5a06e > li{font-size:16px;}.wp-block-advgb-list ul.advgblist-551eef5d-754b-44f2-b1ff-1b6127a5a06e > li{padding-left:18px;margin-left:0;}.wp-block-advgb-list ul.advgblist-551eef5d-754b-44f2-b1ff-1b6127a5a06e > li:before{font-size:16px;color:#D0312D;line-height:18px;margin:7px;padding:2px;margin-left:-25px}<\/style>","protected":false},"excerpt":{"rendered":"<p>Bienvenue La Corporation des A\u00een\u00e9s de Saint-Apollinaire est une r\u00e9sidence pour personnes \u00e2g\u00e9es autonomes, offrant des services qui r\u00e9pondent aux besoins d\u2019une client\u00e8le \u00e0 la recherche d\u2019un milieu de vie chaleureux et stimulant. Que vous soyez seul ou en couple, et que vous d\u00e9siriez maintenir votre autonomie et am\u00e9liorer votre qualit\u00e9 de vie, la r\u00e9sidence \u00ab&nbsp;La Corporation des A\u00een\u00e9s de [&hellip;]<\/p>\n","protected":false},"author":1,"featured_media":0,"parent":0,"menu_order":0,"comment_status":"closed","ping_status":"closed","template":"","meta":{"_acf_changed":false,"advgb_blocks_editor_width":"","advgb_blocks_columns_visual_guide":"","footnotes":""},"class_list":["post-449","page","type-page","status-publish","hentry"],"acf":[],"coauthors":[],"author_meta":{"author_link":"https:\/\/corporationdesaines.com\/?author=1","display_name":"admin"},"relative_dates":{"created":"Publi\u00e9 6 ans il y a","modified":"Mis \u00e0 jour 4 semaines il y a"},"absolute_dates":{"created":"Publi\u00e9 le octobre 9, 2020","modified":"Mise \u00e0 jour le mars 19, 2026"},"absolute_dates_time":{"created":"Publi\u00e9 le octobre 9, 2020 8:51 pm","modified":"Mise \u00e0 jour le mars 19, 2026 7:44 pm"},"featured_img_caption":"","featured_img":false,"series_order":"","_links":{"self":[{"href":"https:\/\/corporationdesaines.com\/index.php?rest_route=\/wp\/v2\/pages\/449","targetHints":{"allow":["GET"]}}],"collection":[{"href":"https:\/\/corporationdesaines.com\/index.php?rest_route=\/wp\/v2\/pages"}],"about":[{"href":"https:\/\/corporationdesaines.com\/index.php?rest_route=\/wp\/v2\/types\/page"}],"author":[{"embeddable":true,"href":"https:\/\/corporationdesaines.com\/index.php?rest_route=\/wp\/v2\/users\/1"}],"replies":[{"embeddable":true,"href":"https:\/\/corporationdesaines.com\/index.php?rest_route=%2Fwp%2Fv2%2Fcomments&post=449"}],"version-history":[{"count":41,"href":"https:\/\/corporationdesaines.com\/index.php?rest_route=\/wp\/v2\/pages\/449\/revisions"}],"predecessor-version":[{"id":755,"href":"https:\/\/corporationdesaines.com\/index.php?rest_route=\/wp\/v2\/pages\/449\/revisions\/755"}],"wp:attachment":[{"href":"https:\/\/corporationdesaines.com\/index.php?rest_route=%2Fwp%2Fv2%2Fmedia&parent=449"}],"curies":[{"name":"wp","href":"https:\/\/api.w.org\/{rel}","templated":true}]}}